t -23 (base 5) to base 4.
-31
Convert -65 (base 16) to base 10.
-101
25 (base 9) to base 14
19
-31 (base 12) to base 11
-34
Convert 5 (base 6) to base 13.
5
Convert -4 (base 15) to base 8.
-4
4 (base 13) to base 2
100
What is -1 (base 3) in base 15?
-1
167 (base 11) to base 8
302
Convert 20 (base 5) to base 2.
1010
-121 (base 6) to base 11
-45
What is 0 (base 11) in base 3?
0
-3 (base 12) to base 15
-3
What is 4 (base 14) in base 16?
4
-16 (base 11) to base 13
-14
Convert 2 (base 11) to base 2.
10
-100 (base 3) to base 16
-9
What is 0 (base 13) in base 4?
0
Convert 20220 (base 3) to base 2.
10111010
What is 44 (base 14) in base 3?
2020
4 (base 12) to base 8
4
Convert -4a (base 12) to base 10.
-58
-44 (base 7) to base 6
-52
What is -8 (base 10) in base 13?
-8
What is -a (base 16) in base 13?
-a
What is 121 (base 6) in base 4?
301
-60 (base 16) to base 13
-75
-10001 (base 2) to base 5
-32
Convert -6 (base 7) to base 6.
-10
What is -80 (base 11) in base 8?
-130
-a (base 12) to base 7
-13
What is -4 (base 11) in base 6?
-4
What is 1110110 (base 2) in base 15?
7d
Convert -15 (base 16) to base 11.
-1a
What is 100 (base 2) in base 9?
4
What is a (base 16) in base 6?
14
11 (base 3) to base 12
4
What is -56 (base 9) in base 16?
-33
What is 112 (base 3) in base 11?
13
Convert -7 (base 12) to base 8.
-7
Convert 2 (base 6) to base 16.
2
What is 86 (base 16) in base 12?
b2
Convert -21 (base 3) to base 7.
-10
Convert 213 (base 4) to base 5.
124
What is 1111001 (base 2) in base 6?
321
Convert 0 (base 11) to base 6.
0
9 (base 15) to base 9
10
What is -2 (base 13) in base 10?
-2
What is -30 (base 6) in base 14?
-14
What is -107 (base 8) in base 16?
-47
Convert 12 (base 14) to base 11.
15
Convert 1442 (base 5) to base 3.
100011
What is -1 (base 16) in base 4?
-1
11010 (base 2) to base 12
22
Convert 21120 (base 3) to base 15.
d9
0 (base 9) to base 13
0
101 (base 3) to base 9
11
What is -12 (base 3) in base 2?
-101
What is -4 (base 13) in base 2?
-100
What is 2 (base 10) in base 15?
2
1 (base 15) to base 14
1
What is 0 (base 13) in base 6?
0
178 (base 12) to base 9
282
2 (base 13) to base 2
10
Convert -3 (base 11) to base 4.
-3
What is -3 (base 14) in base 16?
-3
What is 0 (base 14) in base 13?
0
4 (base 16) to base 14
4
What is -11 (base 2) in base 15?
-3
What is -302 (base 8) in base 2?
-11000010
What is -1 (base 4) in base 8?
-1
What is -30 (base 9) in base 3?
-1000
Convert -3 (base 9) to base 10.
-3
28 (base 13) to base 9
37
What is -100101 (base 2) in base 12?
-31
What is 106 (base 15) in base 8?
347
Convert -22 (base 3) to base 2.
-1000
-21 (base 6) to base 4
-31
-26 (base 13) to base 3
-1012
-23 (base 16) to base 12
-2b
Convert 20 (base 7) to base 12.
12
Convert 12 (base 5) to base 11.
7
What is 188 (base 13) in base 2?
100011001
3a (base 11) to base 4
223
Convert 27 (base 13) to base 11.
30
What is -3 (base 12) in base 8?
-3
What is 23 (base 13) in base 16?
1d
What is -233 (base 4) in base 16?
-2f
What is -32 (base 7) in base 3?
-212
7 (base 11) to base 3
21
-30 (base 5) to base 16
-f
What is -9 (base 10) in base 16?
-9
14 (base 14) to base 6
30
0 (base 9) to base 16
0
-1110111 (base 2) to base 14
-87
What is -253 (base 8) in base 6?
-443
What is 1132 (base 4) in base 15?
64
29 (base 14) to base 2
100101
What is 93 (base 12) in base 2?
1101111
18 (base 13) to base 10
21
Convert 1 (base 6) to base 5.
1
What is -115 (base 9) in base 4?
-1133
What is -b (base 15) in base 2?
-1011
Convert 0 (base 10) to base 16.
0
What is -49 (base 15) in base 2?
-1000101
What is 100010 (base 2) in base 13?
28
What is -1 (base 11) in base 10?
-1
What is 183 (base 10) in base 14?
d1
What is 1 (base 16) in base 9?
1
-19 (base 14) to base 10
-23
Convert -151 (base 7) to base 14.
-61
Convert 43 (base 10) to base 8.
53
What is -b (base 13) in base 3?
-102
Convert 5 (base 7) to base 11.
5
5 (base 13) to base 16
5
Convert 100 (base 2) to base 3.
11
Convert 20 (base 10) to base 14.
16
Convert 3 (base 5) to base 15.
3
-55 (base 6) to base 7
-50
Convert -1 (base 6) to base 14.
-1
43 (base 6) to base 9
30
Convert -195 (base 13) to base 9.
-353
Convert 3 (base 8) to base 3.
10
Convert -34 (base 6) to base 7.
-31
What is -1 (base 8) in base 2?
-1
What is -102 (base 4) in base 13?
-15
What is -13 (base 8) in base 2?
-1011
Convert 1 (base 3) to base 12.
1
Convert 2 (base 15) to base 9.
2
-30 (base 7) to base 2
-10101
121 (base 3) to base 12
14
101200 (base 3) to base 11
242
What is -58 (base 14) in base 9?
-86
8 (base 11) to base 8
10
11 (base 2) to base 10
3
Convert -11 (base 4) to base 7.
-5
Convert -113 (base 7) to base 5.
-214
-203 (base 5) to base 13
-41
What is 149 (base 13) in base 11?
19a
Convert -28 (base 14) to base 4.
-210
What is 77 (base 12) in base 9?
111
3 (base 9) to base 6
3
Convert 4 (base 9) to base 5.
4
What is 6b (base 12) in base 13?
65
What is -6 (base 10) in base 13?
-6
-100 (base 4) to base 2
-10000
-4 (base 12) to base 15
-4
3a (base 12) to base 6
114
1e (base 16) to base 5
110
-31 (base 7) to base 4
-112
What is 0 (base 6) in base 4?
0
Convert 1 (base 9) to base 6.
1
-5b (base 13) to base 3
-2211
What is 40 (base 6) in base 13?
1b
-2 (base 14) to base 9
-2
Convert 22 (base 7) to base 9.
17
What is -71 (base 15) in base 4?
-1222
What is 4 (base 6) in base 3?
11
14 (base 10) to base 4
32
Convert -34 (base 10) to base 7.
-46
Convert 12 (base 10) to base 16.
c
Convert 2 (base 3) to base 9.
2
1001 (base 2) to base 8
11
What is -20 (base 3) in base 15?
-6
20 (base 8) to base 12
14
10100 (base 2) to base 9
22
Convert 11 (base 3) to base 9.
4
What is -54 (base 7) in base 8?
-47
2032 (base 4) to base 12
ba
What is 111 (base 2) in base 8?
7
What is -5 (base 14) in base 9?
-5
-4 (base 13) to base 11
-4
Convert -4 (base 7) to base 13.
-4
What is -12 (base 5) in base 7?
-10
6 (base 15) to base 2
110
What is -6 (base 13) in base 11?
-6
Convert -24 (base 12) to base 5.
-103
-3 (base 5) to base 15
-3
34 (base 8) to base 10
28
What is 9 (base 12) in base 2?
1001
What is -6 (base 15) in base 4?
-12
Convert 1 (base 12) to base 15.
1
What is 2 (base 14) in base 9?
2
What is 33 (base 8) in base 16?
1b
What is 0 (base 14) in base 11?
0
16 (base 7) to base 3
111
Convert 300 (base 7) to base 16.
93
What is -2 (base 12) in base 10?
-2
8 (base 12) to base 5
13
What is -310 (base 7) in base 4?
-2122
Convert 79 (base 10) to base 14.
59
What is -4 (base 9) in base 12?
-4
Convert 1c (base 16) to base 12.
24
Convert 11013 (base 4) to base 15.
16c
-11 (base 9) to base 10
-10
-2 (base 9) to base 6
-2
Convert 12 (base 6) to base 3.
22
3 (base 11) to base 2
11
What is -11 (base 3) in base 16?
-4
Convert 1 (base 11) to base 15.
1
-6 (base 13) to base 15
-6
What is -100 (base 2) in base 3?
-11
Convert -6 (base 8) to base 3.
-20
64 (base 13) to base 3
10001
Convert 0 (base 14) to base 6.
0
Convert -11 (base 8) to base 11.
-9
What is -2 (base 3) in base 4?
-2
0 (base 12) to base 14
0
1 (base 14) to base 3
1
Convert -12 (base 5) to base 16.
-7
Convert 10 (base 9) to base 3.
100
Convert -11000 (base 2) to base 5.
-44
What is 80 (base 15) in base 4?
1320
Convert -1101 (base 4) to base 11.
-74
Convert e6 (base 15) to base 3.
22000
-2 (base 8) to base 10
-2
4 (base 7) to base 13
4
Convert 20202 (base 3) to base 16.
b6
Convert -1 (base 2) to base 10.
-1
What is -35 (base 6) in base 8?
-27
a (base 14) to base 7
13
What is 1 (base 13) in base 3?
1
What is -9 (base 11) in base 14?
-9
Convert -1c (base 14) to base 9.
-28
1230 (base 4) to base 15
73
What is 221 (base 5) in base 8?
75
1 (base 14) to base 4
1
f (base 16) to base 7
21
What is 6 (base 8) in base 2?
110
What is 1115 (base 7) in base 14?
20c
What is 14 (base 12) in base 2?
10000
What is 12 (base 10) in base 12?
10
Convert 24 (base 6) to base 11.
15
Convert -b (base 13) to base 9.
-12
What is 26 (base 10) in base 2?
11010
What is 30 (base 5) in base 14?
11
Convert -200 (base 8) to base 4.
-2000
What is -20 (base 5) in base 8?
-12
2 (base 12) to base 8
2
-6 (base 7) to base 14
-6
Convert 5 (base 12) to base 10.
5
-431 (base 6) to base 16
-a3
What is 13 (base 7) in base 10?
10
-1000010 (base 2) to base 11
-60
Convert -22 (base 7) to base 9.
-17
Convert -7b (base 15) to base 12.
-98
Convert 3 (base 4) to base 16.
3
What is -1 (base 16) in base 11?
-1
